{"id":127,"date":"2022-03-07T13:36:12","date_gmt":"2022-03-07T12:36:12","guid":{"rendered":"https:\/\/gottmannsdorf.de\/?page_id=127"},"modified":"2022-04-26T17:50:11","modified_gmt":"2022-04-26T15:50:11","slug":"dorfgeschichte","status":"publish","type":"page","link":"https:\/\/gottmannsdorf.de\/?page_id=127","title":{"rendered":"Dorfgeschichte"},"content":{"rendered":"\n<div class=\"wp-block-media-text alignwide is-stacked-on-mobile\"><figure class=\"wp-block-media-text__media\"><img data-recalc-dims=\"1\" loading=\"lazy\" decoding=\"async\" width=\"452\" height=\"276\" src=\"https:\/\/i0.wp.com\/gottmannsdorf.de\/wp-content\/uploads\/2022\/03\/Turm_Gmd_quer_1.png?resize=452%2C276&#038;ssl=1\" alt=\"\" class=\"wp-image-140 size-full\" srcset=\"https:\/\/i0.wp.com\/gottmannsdorf.de\/wp-content\/uploads\/2022\/03\/Turm_Gmd_quer_1.png?w=452&amp;ssl=1 452w, https:\/\/i0.wp.com\/gottmannsdorf.de\/wp-content\/uploads\/2022\/03\/Turm_Gmd_quer_1.png?resize=300%2C183&amp;ssl=1 300w\" sizes=\"auto, (max-width: 452px) 100vw, 452px\" \/><\/figure><div class=\"wp-block-media-text__content\">\n<p class=\"has-drop-cap\"><strong><em>Gottmannsdorf<\/em><\/strong><em> &nbsp;<\/em>ist ein kleines Dorf mit aktuell ca. 100 Einwohnern mit einer schon langen Geschichte. Im Jahr 2014 konnten wir mit einem gro\u00dfen Fest die urkundliche Erst\u00aderw\u00e4hnung vor 775 Jahren feiern.&nbsp; Damals hie\u00df es noch \u201eGodemuzelsdorf\u201c. Der slawische Gr\u00fcnder lange vorher hie\u00df vermutlich Gode\u00admusel. Das Wahrzeichen ist der Glockenturm, der 1904 aus den Mauerresten der historischen Kirche wiederaufgebaut wurde. Diese Kirche wurde im 30-j\u00e4hrigen Krieg (1618-1648) von den Soldaten Wallensteins in Schutt und Asche gelegt und danach leider nie mehr aufgebaut.<\/p>\n<\/div><\/div>\n\n\n\n<div class=\"wp-block-media-text alignwide has-media-on-the-right is-stacked-on-mobile\"><figure class=\"wp-block-media-text__media\"><img data-recalc-dims=\"1\" loading=\"lazy\" decoding=\"async\" width=\"451\" height=\"275\" src=\"https:\/\/i0.wp.com\/gottmannsdorf.de\/wp-content\/uploads\/2022\/03\/Milchhaus_Gmd.jpg?resize=451%2C275&#038;ssl=1\" alt=\"\" class=\"wp-image-129 size-full\" srcset=\"https:\/\/i0.wp.com\/gottmannsdorf.de\/wp-content\/uploads\/2022\/03\/Milchhaus_Gmd.jpg?w=451&amp;ssl=1 451w, https:\/\/i0.wp.com\/gottmannsdorf.de\/wp-content\/uploads\/2022\/03\/Milchhaus_Gmd.jpg?resize=300%2C183&amp;ssl=1 300w\" sizes=\"auto, (max-width: 451px) 100vw, 451px\" \/><\/figure><div class=\"wp-block-media-text__content\">\n<p class=\"has-drop-cap has-medium-font-size\">Die meisten Anwesen geh\u00f6rten fr\u00fcher zum nahe\u00adgelegenen Zisterzienser-Kloster Heilsbronn. Die Bauern mussten dem Kloster entsprechende Abgaben entrichten. Gottmanns\u00addorf war immer landwirt\u00adschaftlich gepr\u00e4gt. Haupts\u00e4chlich wurde Milch\u00advieh gehalten und die Milch dann in das sog. \u201eMilchhaus\u201c gebracht. Nach dem Strukturwandel in der Landwirtschaft gibt es heute nur noch drei landwirtschaftliche Betriebe.<\/p>\n<\/div><\/div>\n\n\n\n<div class=\"wp-block-media-text alignwide is-stacked-on-mobile\"><figure class=\"wp-block-media-text__media\"><img data-recalc-dims=\"1\" loading=\"lazy\" decoding=\"async\" width=\"479\" height=\"319\" src=\"https:\/\/i0.wp.com\/gottmannsdorf.de\/wp-content\/uploads\/2022\/03\/Brunnen_Gmd.jpg?resize=479%2C319&#038;ssl=1\" alt=\"\" class=\"wp-image-130 size-full\" srcset=\"https:\/\/i0.wp.com\/gottmannsdorf.de\/wp-content\/uploads\/2022\/03\/Brunnen_Gmd.jpg?w=479&amp;ssl=1 479w, https:\/\/i0.wp.com\/gottmannsdorf.de\/wp-content\/uploads\/2022\/03\/Brunnen_Gmd.jpg?resize=300%2C200&amp;ssl=1 300w\" sizes=\"auto, (max-width: 479px) 100vw, 479px\" \/><\/figure><div class=\"wp-block-media-text__content\">\n<p class=\"has-drop-cap has-medium-font-size\">Das kulturelle Leben wird durch die zwei Ortsvereine , n\u00e4mlich der Freiwilligen Feuerwehr und dem gemischten Chor \u201eChorHarmonie\u201c gepr\u00e4gt. Die \u00f6rtliche Gastwirtschaft Silberhorn ist nur noch zu speziellen Anl\u00e4ssen ge\u00f6ffnet.<\/p>\n<\/div><\/div>\n\n\n\n<div class=\"wp-block-media-text alignwide has-media-on-the-right is-stacked-on-mobile\"><figure class=\"wp-block-media-text__media\"><img data-recalc-dims=\"1\" loading=\"lazy\" decoding=\"async\" width=\"409\" height=\"309\" src=\"https:\/\/i0.wp.com\/gottmannsdorf.de\/wp-content\/uploads\/2022\/03\/Kaerwa_Gmd.jpg?resize=409%2C309&#038;ssl=1\" alt=\"\" class=\"wp-image-131 size-full\" srcset=\"https:\/\/i0.wp.com\/gottmannsdorf.de\/wp-content\/uploads\/2022\/03\/Kaerwa_Gmd.jpg?w=409&amp;ssl=1 409w, https:\/\/i0.wp.com\/gottmannsdorf.de\/wp-content\/uploads\/2022\/03\/Kaerwa_Gmd.jpg?resize=300%2C227&amp;ssl=1 300w\" sizes=\"auto, (max-width: 409px) 100vw, 409px\" \/><\/figure><div class=\"wp-block-media-text__content\">\n<p class=\"has-drop-cap has-medium-font-size\">Am dritten Wochenende im August wird j\u00e4hrlich Kirchweih (\u201eK\u00e4rwa\u201c) gefeiert. Dazu stellen die K\u00e4rwaburschen und \u2013madli traditionell den K\u00e4rwabaum auf und es wird im Gasthaus bei Bratwurst, Bier und Musik gefeiert. Sonntag fr\u00fch findet am Turm ein Feldgottesdienst statt.<\/p>\n\n\n\n<p>Zusammengestellt von G\u00fcnter Helmreich<\/p>\n<\/div><\/div>\n\n\n\n<pre class=\"wp-block-preformatted\"><div class=\"_df_book df-lite\" id=\"df_270\"  _slug=\"dorfgeschichte-gottmannsdorf\" data-title=\"dorfgeschichte-gottmannsdorf\" wpoptions=\"true\" thumbtype=\"\" ><\/div><script class=\"df-shortcode-script\" nowprocket type=\"application\/javascript\">window.option_df_270 = {\"outline\":[],\"autoEnableOutline\":\"false\",\"autoEnableThumbnail\":\"false\",\"overwritePDFOutline\":\"false\",\"enableDownload\":\"false\",\"direction\":\"1\",\"pageSize\":\"0\",\"source\":\"https:\\\/\\\/gottmannsdorf.de\\\/wp-content\\\/uploads\\\/2022\\\/04\\\/Gottmannsdorf-Anwesen.pdf\",\"wpOptions\":\"true\"}; if(window.DFLIP && window.DFLIP.parseBooks){window.DFLIP.parseBooks();}<\/script><\/pre>\n\n\n\n<p><\/p>\n","protected":false},"excerpt":{"rendered":"<p>Gottmannsdorf &nbsp;ist ein kleines Dorf mit aktuell ca. 100 Einwohnern mit einer schon langen Geschichte. Im Jahr 2014 konnten wir mit einem gro\u00dfen Fest die urkundliche Erst\u00aderw\u00e4hnung vor 775 Jahren&hellip; <br \/> <a class=\"read-more\" href=\"https:\/\/gottmannsdorf.de\/?page_id=127\">Weiterlesen<\/a><\/p>\n","protected":false},"author":1,"featured_media":0,"parent":0,"menu_order":0,"comment_status":"closed","ping_status":"closed","template":"","meta":{"footnotes":""},"class_list":["post-127","page","type-page","status-publish","hentry"],"jetpack_sharing_enabled":true,"_links":{"self":[{"href":"https:\/\/gottmannsdorf.de\/index.php?rest_route=\/wp\/v2\/pages\/127","targetHints":{"allow":["GET"]}}],"collection":[{"href":"https:\/\/gottmannsdorf.de\/index.php?rest_route=\/wp\/v2\/pages"}],"about":[{"href":"https:\/\/gottmannsdorf.de\/index.php?rest_route=\/wp\/v2\/types\/page"}],"author":[{"embeddable":true,"href":"https:\/\/gottmannsdorf.de\/index.php?rest_route=\/wp\/v2\/users\/1"}],"replies":[{"embeddable":true,"href":"https:\/\/gottmannsdorf.de\/index.php?rest_route=%2Fwp%2Fv2%2Fcomments&post=127"}],"version-history":[{"count":8,"href":"https:\/\/gottmannsdorf.de\/index.php?rest_route=\/wp\/v2\/pages\/127\/revisions"}],"predecessor-version":[{"id":325,"href":"https:\/\/gottmannsdorf.de\/index.php?rest_route=\/wp\/v2\/pages\/127\/revisions\/325"}],"wp:attachment":[{"href":"https:\/\/gottmannsdorf.de\/index.php?rest_route=%2Fwp%2Fv2%2Fmedia&parent=127"}],"curies":[{"name":"wp","href":"https:\/\/api.w.org\/{rel}","templated":true}]}}